{"id":62,"date":"2015-07-22T23:06:43","date_gmt":"2015-07-22T23:06:43","guid":{"rendered":"http:\/\/caramsrl.com\/algodon\/?page_id=62"},"modified":"2015-07-22T23:06:43","modified_gmt":"2015-07-22T23:06:43","slug":"link-de-interes","status":"publish","type":"page","link":"https:\/\/caramsrl.com.ar\/algodon\/link-de-interes\/","title":{"rendered":"Link de Inter\u00e9s"},"content":{"rendered":"<div id=\"boxes\">\n<div id=\"box\"><a target=\"blank\" href=\"http:\/\/quotes.ino.com\/exchanges\/contracts.html?r=nybot_ct\"><img decoding=\"async\" border=\"0\" alt=\"\" src=\"http:\/\/caramsrl.com\/images\/link1.jpg\">Cotizaci\u00f3n algod\u00f3n mercado N.Y<\/a><\/div>\n<div id=\"box\"><a target=\"blank\" href=\"http:\/\/www.camaraalgodonera.com.ar\/\"><img decoding=\"async\" border=\"0\" alt=\"\" src=\"http:\/\/caramsrl.com\/images\/link2.jpg\">www.camaraalgodonera.com.ar<\/a><\/div>\n<div id=\"box\"><a target=\"blank\" href=\"http:\/\/www.smn.gov.ar\/vmsr\/general.php?dir=YVcxaFoyVnVaWE12WVhKblpXNTBhVzVoYzJWamRHOXlhWHBoWkdFdmFXNW1MM051\" class=\"broken_link\"><img decoding=\"async\" border=\"0\" alt=\"\" src=\"http:\/\/caramsrl.com\/images\/link3.jpg\">Imagen Satelital clima<\/a><\/div>\n<div id=\"box\"><a target=\"blank\" href=\"http:\/\/www.ambito.com\/economia\/mercados\/monedas\/dolar\/\"><img decoding=\"async\" border=\"0\" alt=\"\" src=\"http:\/\/caramsrl.com\/images\/link4.jpg\">Cotizaci\u00f3n del d\u00f3lar<\/a><\/div>\n<\/div>\n","protected":false},"excerpt":{"rendered":"<p>Cotizaci\u00f3n algod\u00f3n mercado N.Y www.camaraalgodonera.com.ar Imagen Satelital clima Cotizaci\u00f3n del d\u00f3lar<\/p>\n","protected":false},"author":3,"featured_media":0,"parent":0,"menu_order":0,"comment_status":"closed","ping_status":"closed","template":"","meta":{"_mi_skip_tracking":false,"_exactmetrics_sitenote_active":false,"_exactmetrics_sitenote_note":"","_exactmetrics_sitenote_category":0,"footnotes":""},"_links":{"self":[{"href":"https:\/\/caramsrl.com.ar\/algodon\/wp-json\/wp\/v2\/pages\/62"}],"collection":[{"href":"https:\/\/caramsrl.com.ar\/algodon\/wp-json\/wp\/v2\/pages"}],"about":[{"href":"https:\/\/caramsrl.com.ar\/algodon\/wp-json\/wp\/v2\/types\/page"}],"author":[{"embeddable":true,"href":"https:\/\/caramsrl.com.ar\/algodon\/wp-json\/wp\/v2\/users\/3"}],"replies":[{"embeddable":true,"href":"https:\/\/caramsrl.com.ar\/algodon\/wp-json\/wp\/v2\/comments?post=62"}],"version-history":[{"count":1,"href":"https:\/\/caramsrl.com.ar\/algodon\/wp-json\/wp\/v2\/pages\/62\/revisions"}],"predecessor-version":[{"id":63,"href":"https:\/\/caramsrl.com.ar\/algodon\/wp-json\/wp\/v2\/pages\/62\/revisions\/63"}],"wp:attachment":[{"href":"https:\/\/caramsrl.com.ar\/algodon\/wp-json\/wp\/v2\/media?parent=62"}],"curies":[{"name":"wp","href":"https:\/\/api.w.org\/{rel}","templated":true}]}}