{"id":826,"date":"2020-03-11T01:10:01","date_gmt":"2020-03-10T22:10:01","guid":{"rendered":"http:\/\/caramsrl.com\/algodon\/?page_id=826"},"modified":"2022-08-18T00:56:47","modified_gmt":"2022-08-17T21:56:47","slug":"corretaje-y-venta","status":"publish","type":"page","link":"https:\/\/caramsrl.com.ar\/algodon\/corretaje-y-venta\/","title":{"rendered":"Servicio Integral de Comercializaci\u00f3n de Fibra de Algod\u00f3n"},"content":{"rendered":"<div id=\"pl-826\"  class=\"panel-layout\" ><div id=\"pg-826-0\"  class=\"panel-grid panel-has-style\" ><div class=\"siteorigin-panels-stretch panel-row-style panel-row-style-for-826-0\" data-stretch-type=\"full\" ><div id=\"pgc-826-0-0\"  class=\"panel-grid-cell panel-grid-cell-empty\" ><\/div><div id=\"pgc-826-0-1\"  class=\"panel-grid-cell\" ><div id=\"panel-826-0-1-0\" class=\"so-panel widget widget_sow-image panel-first-child panel-last-child\" data-index=\"0\" ><div\n\t\t\t\n\t\t\tclass=\"so-widget-sow-image so-widget-sow-image-default-8b5b6f678277-826\"\n\t\t\t\n\t\t>\n\n<div class=\"sow-image-container\">\n\t\t<img src=\"http:\/\/appasantafe.org.ar\/wp-content\/uploads\/2017\/10\/P_HVId_0102_low-768x339.jpg\" title=\"Servicio Integral de Comercializaci\u00f3n de Fibra de Algod\u00f3n\" alt=\"\" loading=\"lazy\" \t\tclass=\"so-widget-image\"\/>\n\t<\/div>\n\n<\/div><\/div><\/div><div id=\"pgc-826-0-2\"  class=\"panel-grid-cell panel-grid-cell-mobile-last\" ><div id=\"panel-826-0-2-0\" class=\"so-panel widget widget_sow-editor panel-first-child panel-last-child\" data-index=\"1\" ><div\n\t\t\t\n\t\t\tclass=\"so-widget-sow-editor so-widget-sow-editor-base\"\n\t\t\t\n\t\t>\n<div class=\"siteorigin-widget-tinymce textwidget\">\n\t<h1><span style=\"color: #000000;\">RECEPCI\u00d3N DE MUESTRAS<\/span><\/h1>\n<p>En Nuestra Administraci\u00f3n y Laboratorio de Resistencia, y tambi\u00e9n retiramos de la Terminal de \u00f3mnibus de dicha ciudad.<\/p>\n<p>Hay distintos transportes que traen muestras diariamente de todo el Pa\u00eds.<\/p><\/div>\n<\/div><\/div><\/div><div id=\"pgc-826-0-3\"  class=\"panel-grid-cell panel-grid-cell-empty\" ><\/div><\/div><\/div><div id=\"pg-826-1\"  class=\"panel-grid panel-has-style\" ><div class=\"panel-row-style panel-row-style-for-826-1\" ><div id=\"pgc-826-1-0\"  class=\"panel-grid-cell panel-grid-cell-empty\" ><\/div><div id=\"pgc-826-1-1\"  class=\"panel-grid-cell\" ><div id=\"panel-826-1-1-0\" class=\"so-panel widget widget_sow-editor panel-first-child panel-last-child\" data-index=\"2\" ><div\n\t\t\t\n\t\t\tclass=\"so-widget-sow-editor so-widget-sow-editor-base\"\n\t\t\t\n\t\t>\n<div class=\"siteorigin-widget-tinymce textwidget\">\n\t<h1><span style=\"color: #ffffff;\">CLASIFICACI\u00d3N, ACONDICIONAMIENTO Y ALMACENAJE<\/span><\/h1>\n<span style=\"color: #ffffff;\">Los Lotes de Fibra se clasifican en sus principales par\u00e1metros, se acondicionan en paquetes de excelente presentaci\u00f3n. Si hace falta se cambian los papeles de envoltorio, se indizan con una identificaci\u00f3n clara y se almacenan en nuestro dep\u00f3sito especialmente preparado para albergar miles de lotes. Llevamos un registro de todas las salidas y entradas de fibra al dep\u00f3sito, siempre rescatamos las muestras, y si el propietario solicita la devoluci\u00f3n de las mismas se las devolvemos en perfecto estado entreg\u00e1ndolas al transporte que nos indique. El acondicionamiento y manejo de las muestras no obligan a hacer el negocio. Las muestras se devuelven en 48 Hs. a pedido del propietario si as\u00ed lo solicita.<\/span><\/div>\n<\/div><\/div><\/div><div id=\"pgc-826-1-2\"  class=\"panel-grid-cell panel-grid-cell-mobile-last\" ><div id=\"panel-826-1-2-0\" class=\"so-panel widget widget_sow-image panel-first-child panel-last-child\" data-index=\"3\" ><div\n\t\t\t\n\t\t\tclass=\"so-widget-sow-image so-widget-sow-image-default-8b5b6f678277-826\"\n\t\t\t\n\t\t>\n\n<div class=\"sow-image-container\">\n\t\t<img src=\"http:\/\/appasantafe.org.ar\/wp-content\/uploads\/2017\/10\/classing-by-machine7.jpg\" title=\"Servicio Integral de Comercializaci\u00f3n de Fibra de Algod\u00f3n\" alt=\"\" loading=\"lazy\" \t\tclass=\"so-widget-image\"\/>\n\t<\/div>\n\n<\/div><\/div><\/div><div id=\"pgc-826-1-3\"  class=\"panel-grid-cell panel-grid-cell-empty\" ><\/div><\/div><\/div><div id=\"pg-826-2\"  class=\"panel-grid panel-has-style\" ><div class=\"panel-row-style panel-row-style-for-826-2\" ><div id=\"pgc-826-2-0\"  class=\"panel-grid-cell panel-grid-cell-empty\" ><\/div><div id=\"pgc-826-2-1\"  class=\"panel-grid-cell\" ><div id=\"panel-826-2-1-0\" class=\"so-panel widget widget_sow-image panel-first-child panel-last-child\" data-index=\"4\" ><div\n\t\t\t\n\t\t\tclass=\"so-widget-sow-image so-widget-sow-image-default-8b5b6f678277-826\"\n\t\t\t\n\t\t>\n\n<div class=\"sow-image-container\">\n\t\t<img src=\"https:\/\/image.freepik.com\/free-photo\/close-up-engineer-architect-shaking-hands_23-2148233786.jpg\" title=\"Servicio Integral de Comercializaci\u00f3n de Fibra de Algod\u00f3n\" alt=\"\" loading=\"lazy\" \t\tclass=\"so-widget-image\"\/>\n\t<\/div>\n\n<\/div><\/div><\/div><div id=\"pgc-826-2-2\"  class=\"panel-grid-cell panel-grid-cell-mobile-last\" ><div id=\"panel-826-2-2-0\" class=\"so-panel widget widget_sow-editor panel-first-child panel-last-child\" data-index=\"5\" ><div\n\t\t\t\n\t\t\tclass=\"so-widget-sow-editor so-widget-sow-editor-base\"\n\t\t\t\n\t\t>\n<div class=\"siteorigin-widget-tinymce textwidget\">\n\t<h1><span style=\"color: #000000;\">OFERTA, NEGOCIACI\u00d3N Y VENTA<\/span><\/h1>\nCuando el productor desea vender su fibra remitimos las muestras a los compradores que nos parezcan adecuados seg\u00fan el tipo de fibra y las caracter\u00edsticas. Cuando obtenemos una cotizaci\u00f3n y condici\u00f3n de pago se la proponemos al propietario y si se llega a un acuerdo se cierra el negocio y se confecciona el Contrato de Compra-Venta de Fibra.<\/div>\n<\/div><\/div><\/div><div id=\"pgc-826-2-3\"  class=\"panel-grid-cell panel-grid-cell-empty\" ><\/div><\/div><\/div><div id=\"pg-826-3\"  class=\"panel-grid panel-has-style\" ><div class=\"panel-row-style panel-row-style-for-826-3\" ><div id=\"pgc-826-3-0\"  class=\"panel-grid-cell panel-grid-cell-empty\" ><\/div><div id=\"pgc-826-3-1\"  class=\"panel-grid-cell\" ><div id=\"panel-826-3-1-0\" class=\"so-panel widget widget_sow-editor panel-first-child panel-last-child\" data-index=\"6\" ><div\n\t\t\t\n\t\t\tclass=\"so-widget-sow-editor so-widget-sow-editor-base\"\n\t\t\t\n\t\t>\n<div class=\"siteorigin-widget-tinymce textwidget\">\n\tNuestro Departamento de Log\u00edstica se encarga de coordinar las entregas, si hace falta podemos contratar Flete y Seguro, se encarga del Recibo de la mercader\u00eda en destino, informa al vendedor los Kgs. netos recibidos para que confeccione la Factura y Remite la factura al comprador.<\/div>\n<\/div><\/div><\/div><div id=\"pgc-826-3-2\"  class=\"panel-grid-cell panel-grid-cell-mobile-last\" ><div id=\"panel-826-3-2-0\" class=\"so-panel widget widget_sow-image panel-first-child panel-last-child\" data-index=\"7\" ><div\n\t\t\t\n\t\t\tclass=\"so-widget-sow-image so-widget-sow-image-default-8b5b6f678277-826\"\n\t\t\t\n\t\t>\n\n<div class=\"sow-image-container\">\n\t\t<img src=\"https:\/\/lh3.googleusercontent.com\/proxy\/QiowQsAe4eqMNZ62uXRyQSUWsvE9Zdf24SjCcnSU2TxSLm6tseIWvAm4CpgKkEc4QwbL5HTK5n0-RZyhLih8Bqjwl6-ckhR7ckbRgAihaMe9lXLi94s\" title=\"Servicio Integral de Comercializaci\u00f3n de Fibra de Algod\u00f3n\" alt=\"\" loading=\"lazy\" \t\tclass=\"so-widget-image\"\/>\n\t<\/div>\n\n<\/div><\/div><\/div><div id=\"pgc-826-3-3\"  class=\"panel-grid-cell panel-grid-cell-empty\" ><\/div><\/div><\/div><div id=\"pg-826-4\"  class=\"panel-grid panel-has-style\" ><div class=\"siteorigin-panels-stretch panel-row-style panel-row-style-for-826-4\" data-stretch-type=\"full\" ><div id=\"pgc-826-4-0\"  class=\"panel-grid-cell panel-grid-cell-empty\" ><\/div><div id=\"pgc-826-4-1\"  class=\"panel-grid-cell\" ><div id=\"panel-826-4-1-0\" class=\"so-panel widget widget_sow-image panel-first-child panel-last-child\" data-index=\"8\" ><div\n\t\t\t\n\t\t\tclass=\"so-widget-sow-image so-widget-sow-image-default-8b5b6f678277-826\"\n\t\t\t\n\t\t>\n\n<div class=\"sow-image-container\">\n\t\t<img src=\"https:\/\/investforesight.com\/wp-content\/uploads\/2019\/12\/bill-pay-photo.jpg\" title=\"Servicio Integral de Comercializaci\u00f3n de Fibra de Algod\u00f3n\" alt=\"\" loading=\"lazy\" \t\tclass=\"so-widget-image\"\/>\n\t<\/div>\n\n<\/div><\/div><\/div><div id=\"pgc-826-4-2\"  class=\"panel-grid-cell panel-grid-cell-mobile-last\" ><div id=\"panel-826-4-2-0\" class=\"so-panel widget widget_sow-editor panel-first-child panel-last-child\" data-index=\"9\" ><div\n\t\t\t\n\t\t\tclass=\"so-widget-sow-editor so-widget-sow-editor-base\"\n\t\t\t\n\t\t>\n<div class=\"siteorigin-widget-tinymce textwidget\">\n\tPor \u00faltimo nos encargamos de la cobranza de dicha Factura y remitimos el pago directamente al vendedor en la forma de pago que se haya pactado.<\/div>\n<\/div><\/div><\/div><div id=\"pgc-826-4-3\"  class=\"panel-grid-cell panel-grid-cell-empty\" ><\/div><\/div><\/div><div id=\"pg-826-5\"  class=\"panel-grid panel-has-style\" ><div class=\"siteorigin-panels-stretch panel-row-style panel-row-style-for-826-5\" data-stretch-type=\"full\" ><div id=\"pgc-826-5-0\"  class=\"panel-grid-cell panel-grid-cell-empty\" ><\/div><div id=\"pgc-826-5-1\"  class=\"panel-grid-cell panel-grid-cell-mobile-last\" ><div id=\"panel-826-5-1-0\" class=\"so-panel widget widget_sow-editor panel-first-child panel-last-child\" data-index=\"10\" ><div\n\t\t\t\n\t\t\tclass=\"so-widget-sow-editor so-widget-sow-editor-base\"\n\t\t\t\n\t\t>\n<div class=\"siteorigin-widget-tinymce textwidget\">\n\t<h5 style=\"text-align: center;\"><span style=\"color: #ffffff;\">Nuestra Comisi\u00f3n<\/span><\/h5>\n<h1 style=\"text-align: center;\"><strong><span style=\"color: #ffffff;\">1% + IVA*<\/span><\/strong><\/h1>\n<hr \/>\n<p style=\"text-align: center;\"><em><span style=\"color: #ffffff;\">* del valor Neto de la operaci\u00f3n en caso que se realice a venta y una vez concluido todo el circuito.<\/span><\/em><\/p>\n<\/div>\n<\/div><\/div><\/div><div id=\"pgc-826-5-2\"  class=\"panel-grid-cell panel-grid-cell-empty\" ><\/div><\/div><\/div><div id=\"pg-826-6\"  class=\"panel-grid panel-no-style\" ><div id=\"pgc-826-6-0\"  class=\"panel-grid-cell panel-grid-cell-empty\" ><\/div><div id=\"pgc-826-6-1\"  class=\"panel-grid-cell panel-grid-cell-empty panel-grid-cell-mobile-last\" ><\/div><div id=\"pgc-826-6-2\"  class=\"panel-grid-cell panel-grid-cell-empty\" ><\/div><\/div><\/div>","protected":false},"excerpt":{"rendered":"<p>RECEPCI\u00d3N DE MUESTRAS En Nuestra Administraci\u00f3n y Laboratorio de Resistencia, y tambi\u00e9n retiramos de la Terminal de \u00f3mnibus de dicha ciudad. Hay distintos transportes que traen muestras diariamente de todo el Pa\u00eds. CLASIFICACI\u00d3N, ACONDICIONAMIENTO Y ALMACENAJE Los Lotes de Fibra se clasifican en sus principales par\u00e1metros, se acondicionan en paquetes de excelente presentaci\u00f3n. Si hace [&hellip;]<\/p>\n","protected":false},"author":3,"featured_media":0,"parent":0,"menu_order":0,"comment_status":"closed","ping_status":"closed","template":"","meta":{"_mi_skip_tracking":false,"_exactmetrics_sitenote_active":false,"_exactmetrics_sitenote_note":"","_exactmetrics_sitenote_category":0,"footnotes":""},"_links":{"self":[{"href":"https:\/\/caramsrl.com.ar\/algodon\/wp-json\/wp\/v2\/pages\/826"}],"collection":[{"href":"https:\/\/caramsrl.com.ar\/algodon\/wp-json\/wp\/v2\/pages"}],"about":[{"href":"https:\/\/caramsrl.com.ar\/algodon\/wp-json\/wp\/v2\/types\/page"}],"author":[{"embeddable":true,"href":"https:\/\/caramsrl.com.ar\/algodon\/wp-json\/wp\/v2\/users\/3"}],"replies":[{"embeddable":true,"href":"https:\/\/caramsrl.com.ar\/algodon\/wp-json\/wp\/v2\/comments?post=826"}],"version-history":[{"count":59,"href":"https:\/\/caramsrl.com.ar\/algodon\/wp-json\/wp\/v2\/pages\/826\/revisions"}],"predecessor-version":[{"id":1309,"href":"https:\/\/caramsrl.com.ar\/algodon\/wp-json\/wp\/v2\/pages\/826\/revisions\/1309"}],"wp:attachment":[{"href":"https:\/\/caramsrl.com.ar\/algodon\/wp-json\/wp\/v2\/media?parent=826"}],"curies":[{"name":"wp","href":"https:\/\/api.w.org\/{rel}","templated":true}]}}